 0. Let f = p + 21. What is the tens digit of f?
1
Let n(b) = -b**3 - 2*b**2 + b + 122. What is the tens digit of n(0)?
2
Let s = -45 + 21. Let h = 27 + s. What is the units digit of h?
3
Let i be 0/(-4) + (0 - -27). Suppose -2*d - d = -i. What is the units digit of (-3)/d + (-30)/(-9)?
3
Let c(g) be the second derivative of -3*g**3/2 + 3*g**2/2 + 2*g. What is the units digit of c(-3)?
0
Suppose 4*s = -4*i + 4, -2*i - 6 = -2*s - 3*i. Suppose 0*r = 5*r - s. What is the units digit of r?
1
Let k = -10 - -7. Let l(d) = -3*d - 1. What is the units digit of l(k)?
8
Let i = -4 - -7. Suppose 0*g = 2*g - 4. Suppose 2*l = -i*v + g, 18 + 2 = -5*v. What is the units digit of l?
7
Let g(v) = 12*v - 39. What is the units digit of g(8)?
7
Suppose 26 + 214 = 3*z. Suppose 5*n - 2*y + y = z, 2*n - 32 = -4*y. What is the tens digit of n?
1
Let s(h) = -6*h - 1. Let d be s(-1). Suppose z - 86 = -d*a, 83 = 5*a - 5*z + 3*z. What is the units digit of a?
7
Suppose 83*o - 88*o = -45. What is the units digit of o?
9
Suppose -4 = w - 3*w. Suppose 0 = 4*o - w*o - 6. What is the units digit of o?
3
Suppose 37 + 86 = k. What is the hundreds digit of k?
1
Let p be 9/(-3)*(-3)/9. Let j(r) = -8*r**2 + 2*r**3 - r - p + 0*r - 3*r**3. What is the units digit of j(-8)?
7
Let m(y) = y + 1. Let s be m(4). Suppose 0 = 5*z - 2*i, -5 = 6*z - z - i. Let g = s + z. What is the units digit of g?
3
Let l = 1021 + -711. What is the tens digit of l?
1
Let n(l) = l**3 - 16*l**2 + 2*l - 22. What is the tens digit of n(16)?
1
What is the hundreds digit of -1 + -4 + 7 + 1*128?
1
Let k = -4 - -6. Suppose 2*d - 47 = k*m + 31, -3*m = 4*d - 128. Suppose 3*g - j - 9 = 16, g + 5*j - d = 0. What is the tens digit of g?
1
Let m be 105/10 - 2/4. Let d = m - 6. What is the units digit of d*-1*21/(-12)?
7
Suppose 11 = 2*d + 1. Suppose d*b + 0*b = -10. What is the units digit of -1 + b/(-2) + 1?
1
Suppose 3*h = 8*h - 5. Let u = 2 + h. What is the units digit of u?
3
Suppose -29 - 1 = 5*q. Let k(r) = -r**2 - 7*r - 2. Let c be k(q). Let w = c - 0. What is the units digit of w?
4
Let c be 2 + 2 + -2 + 1. Suppose 0*u + 54 = c*u. What is the tens digit of u?
1
Let q be -6 + 7 - (-1 - -12). What is the units digit of 172/14 - q/(-35)?
2
Suppose 0 = -0*n - 5*n + 15. Let b(l) = -l - 2. Let g be b(-4). Suppose -t + n = g. What is the units digit of t?
1
Let j(z) = -5*z + 15. What is the units digit of j(-7)?
0
Suppose -3*d - 14 = -2. What is the tens digit of (-94)/(-8) + d/(-16)?
1
Suppose -2*g - 3*h = 7, 4*g - h - 26 = h. Suppose 0 = g*y - y. Suppose y = -4*b + b + 15. What is the units digit of b?
5
Let q be (-15)/(-5) + (-6)/2. What is the units digit of 2 - (-3 + 2 + q)?
3
Suppose c + 0 = 10. Let s(q) = 0 + c - 2 + q. What is the units digit of s(-4)?
4
Let v(d) = -d - 2. Let h be v(-5). Suppose 4*o - 3 = 17. Suppose -2*q - h = -o*q. What is the units digit of q?
1
Suppose 0 = 7*j - 24*j + 1122. What is the tens digit of j?
6
Let c = -14 + 9. Let b(r) = 2*r**2 + 7*r + 4. Let z be b(-4). Let m = z + c. What is the units digit of m?
3
Let g(d) = d**3 - 4*d**2 + 2*d - 4. Let q be g(4). Let r = q - 15. Let v = 21 + r. What is the tens digit of v?
1
Let p(c) = -10*c**3 + c**2 - c - 1. Let u(r) = r**3 - 3*r**2 + 1. Let t be u(1). What is the units digit of p(t)?
1
Let a be (-4)/10*(-5)/2. Let s be a*(2 + -1) - 0. Let c(d) = 5*d**2. What is the units digit of c(s)?
5
Let o be (1/(-2))/(-1)*-46. What is the units digit of (o - -1)*(-2)/4?
1
Let t(u) = 9*u**3 - 1. Let g be t(-1). Suppose -4*x = -6*x + 30. Let b = g + x. What is the units digit of b?
5
Let v = -9 - -15. Let o(h) = -h**3 - 3*h**2 + 5*h - 5. Let z(u) = u - 1. Let m(c) = v*z(c) - o(c). What is the units digit of m(-2)?
1
Suppose t + 0*t = 63. What is the units digit of t?
3
Suppose 0 = s + 5*s - 246. Suppose 199 = 5*o - 2*i, -4*o + 3*o = -i - s. What is the tens digit of o?
3
Suppose 5*z = 27 + 3. Let u(y) = z*y**2 + 0*y**2 - 4*y**2 + 6 - 3*y**2. What is the units digit of u(0)?
6
Suppose n + 4*y = -3*n - 8, 3*y = 4*n - 20. Suppose -n + 22 = -4*p, -5*p - 17 = 4*i. What is the units digit of i?
2
Let v = 0 + 6. What is the units digit of v?
6
Suppose y + d = 16, 1 = -3*d + 7. What is the units digit of y?
4
Let t be 2/4 + 13/(-2). Let o(d) = -d**3 - 5*d**2 + 3*d - 2. What is the units digit of o(t)?
6
Let v be -9*(2 + -4)/6. Let q = v + -2. What is the units digit of (q - 2)/((-3)/9)?
3
Suppose -4*c + 17 - 1 = 0. Suppose c*l = 5*r, 0*r - 9 = -l - r. Suppose -t + 13 = l. What is the units digit of t?
8
Suppose -2 = i - 0. Let f(t) be the third derivative of t**5/60 - t**4/12 - t**3/6 - 17*t**2. What is the units digit of f(i)?
7
Suppose 0 = -7*q + 6*q - 4. Let f = 7 - q. What is the units digit of f?
1
Suppose -2*b - 1 = 7. Let y = -3 - b. What is the units digit of 4 - (y/(-1) + 0)?
5
Suppose 4*p - 32 = 2*p. Suppose 0 = 2*t - 4*t + 5*l + p, 5*l = -10. What is the units digit of -1*(-1 + t + -9)?
7
Let r = -4 - -3. Let q be ((-54)/(-24))/(r/(-8)). Let u = q + -11. What is the units digit of u?
7
Suppose 0 = 2*b - 9 - 3. Let x = b + -4. What is the units digit of x?
2
Let l(h) = h**3 + 4*h**2 + 2*h - 4. Let f be l(-3). Suppose 2*s = -2*v + 6, -3*s - 3*v = -s - 7. What is the tens digit of s*(f + 9 - 1)?
1
Let d(j) = -j**2 + 10*j. What is the units digit of d(6)?
4
Suppose v + 18 = 2*v. What is the tens digit of v?
1
Suppose -1 = -5*s + 14. Suppose -5*x + 70 = 5*m, 2*m - s*x + 2*x - 31 = 0. What is the units digit of m?
5
Suppose 7*i - 9 = 4*i. Let t be 2/i*(-9 - 0). What is the units digit of t/15 + (-27)/(-5)?
5
Let x(g) = 155*g + 7. What is the units digit of x(1)?
2
Suppose -4*v + a - 54 = 4*a, v - a = -10. What is the units digit of (-24)/(-9) + 8/v?
2
Let d = 3 - 3. Suppose -z + 2*z - 19 = d. Suppose 5*o - 56 = -4*l, -5*o + l = -z - 17. What is the units digit of o?
8
Suppose 5*f + 167 = 482. What is the tens digit of f?
6
Suppose -4*r = -2*r - 36. What is the units digit of r + (-4 - -3)*3?
5
Let v = 4 + -7. Let c(m) = -8*m - 2. What is the tens digit of c(v)?
2
What is the tens digit of 117 - ((-6)/(-4))/(54/(-36))?
1
Let f(c) = c**3 - 3*c**2 - 5*c + 5. Let w be f(4). What is the units digit of w*(3 + -54)/(-3)?
7
Suppose -5*b - 5*l = -25, 0*b - 10 = -2*b + 5*l. Suppose -h = -2*r + b, 4*h - 7 = -5*r + 4*r. Suppose p - 2*p = -r. What is the units digit of p?
3
Let n(g) = g**3 - 3*g**2 - 8*g + 6. What is the tens digit of n(5)?
1
Let f(o) = -o**2 - 4*o + 2. Let g be f(-5). Let h = 6 + g. What is the units digit of h?
3
Suppose -4*w + 40 = -5*t, -4*w + 9 = 2*t - 3. Let s be (3/(-2))/(3/140). What is the units digit of -2*(s/4)/w?
7
Suppose 6 = 2*y - 2. Let t(f) = f. Let d be t(2). Suppose -d*a + 4 = -y*w, 0*a - 2*w = 2*a - 16. What is the units digit of a?
6
Let y be -2 + (-50)/(-4)*4. Suppose -o + y = 3*o. What is the units digit of o?
2
Let f = 92 - -135. What is the units digit of f?
7
Let q(u) = -4*u**3 + 4*u**2 - 8*u - 5. Let g(y) = -5*y**3 + 4*y**2 - 9*y - 6. Let c(i) = 5*g(i) - 6*q(i). What is the tens digit of c(-5)?
1
Let u(s) = -7*s - 3. What is the tens digit of u(-6)?
3
Let t = -9 + 13. Suppose 0 = 2*a - t*a. What is the units digit of (1 - a)/(1/8)?
8
Let l(s) = s + 3. Let u be 0 + (-1 + 0)*5. Let t(b) = -b**2 - 6*b - 1. Let k be t(u). What is the units digit of l(k)?
7
Let w(j) = -j**2 + 9*j - 10. Let i be w(7). Suppose -x - 90 = -i*x. What is the units digit of x?
0
Suppose -2*x = x + 3*n, -3*n = 6. Suppose -238 + 48 = -4*g - 2*y, 2*g + x*y - 96 = 0. Suppose -4*r + g = -9. What is the tens digit of r?
1
Suppose 0 = -4*c + 2*p - 30, -p = -6 + 1. What is the units digit of (-51)/(-15) + 2/c?
3
Let r = 46 + -3. What is the tens digit of r?
4
Let s be (-4)/22 + 963/33. Suppose 0 = -5*y - k - s, -y - k - 11 = -2. Let f = y + 13. What is the units digit of f?
8
Let i be (-12)/(-9)*(-45)/(-2). Let j = i - 18. What is the tens digit of j?
1
Suppose -2*g - 3*g = -10. Suppose t = -4*t - 25, 1 = -3*w - g*t. Suppose w*r = 4*r - 1. What is the units digit of r?
1
Let l(m) = m**3 - m**2 - 4*m - 3. Suppose -4 - 6 = 5*p. Let j be l(p). What is the units digit of -1 + -1 - (j - -4)?
1
Suppose 383 = 4*o - 901. What is the tens digit of o?
2
Let t = -90 + 155. Suppose 10 - t = -5*k. What is the units digit of k?
1
Let o(p) = -12*p - 1. Let h be o(-4). L